{"id":15017,"date":"2020-07-20T14:31:18","date_gmt":"2020-07-20T12:31:18","guid":{"rendered":"http:\/\/www.novomed.fr\/?page_id=15017"},"modified":"2021-09-01T21:17:43","modified_gmt":"2021-09-01T19:17:43","slug":"presence-a-linternational","status":"publish","type":"page","link":"https:\/\/www.novomedgroup.com\/?page_id=15017&lang=fr","title":{"rendered":"Pr\u00e9sence \u00e0 l&#8217;International"},"content":{"rendered":"<p>[vc_row css_animation=&#8221;&#8221; row_type=&#8221;row&#8221; use_row_as_full_screen_section=&#8221;no&#8221; type=&#8221;full_width&#8221; angled_section=&#8221;no&#8221; text_align=&#8221;left&#8221; background_image_as_pattern=&#8221;without_pattern&#8221; padding_top=&#8221;30&#8243; padding_bottom=&#8221;50&#8243; z_index=&#8221;&#8221;][vc_column width=&#8221;1\/2&#8243;][vc_column_text]Fond\u00e9 et bas\u00e9 en France, Novomed Group est un groupe r\u00e9solument orient\u00e9 vers l\u2019international. Exportant dans 26 pays et livrant au quotidien quatre pays en Europe (France, Belgique, Allemagne, Autriche).<\/p>\n<p>Des partenariats strat\u00e9giques puissants et structur\u00e9s existent depuis de nombreuses ann\u00e9es avec notamment l\u2019Asie et l\u2019Europe au travers d\u2019alliances et de joint-venture.<\/p>\n<p>Novomed est au carrefour d\u2019un r\u00e9seau dense de sous-traitant, de fournisseurs du monde entier, partageant son savoir-faire sur ses produits-phares avec de nombreux partenaires locaux.<\/p>\n<p>Avec deux plateformes logistiques (Goussainville &amp; Cambrai), la cha\u00eene logistique et commerciale de Novomed rayonne vers tous les continents.<\/p>\n<p>Apr\u00e8s \u00eatre devenu un Champion national, l\u2019ambition du groupe est devenue europ\u00e9enne, en s\u2019appuyant notamment sur la croissance digitale. Aujourd\u2019hui, le groupe d\u00e9veloppe d\u2019autres verticales, en cardiologie et en radiologie.[\/vc_column_text][\/vc_column][vc_column width=&#8221;1\/2&#8243;][vc_single_image image=&#8221;15076&#8243; img_size=&#8221;full&#8221; alignment=&#8221;right&#8221; style=&#8221;vc_box_rounded&#8221; qode_css_animation=&#8221;&#8221;][\/vc_column][\/vc_row]<\/p>\n","protected":false},"excerpt":{"rendered":"<p>[vc_row css_animation=&#8221;&#8221; row_type=&#8221;row&#8221; use_row_as_full_screen_section=&#8221;no&#8221; type=&#8221;full_width&#8221; angled_section=&#8221;no&#8221; text_align=&#8221;left&#8221; background_image_as_pattern=&#8221;without_pattern&#8221; padding_top=&#8221;30&#8243; padding_bottom=&#8221;50&#8243; z_index=&#8221;&#8221;][vc_column width=&#8221;1\/2&#8243;][vc_column_text]Fond\u00e9 et bas\u00e9 en France, Novomed Group est un groupe r\u00e9solument orient\u00e9 vers l\u2019international. Exportant dans 26 pays et livrant au quotidien quatre pays en Europe (France, Belgique, Allemagne, Autriche). Des partenariats strat\u00e9giques puissants&#8230;<\/p>\n","protected":false},"author":1,"featured_media":0,"parent":0,"menu_order":0,"comment_status":"closed","ping_status":"closed","template":"","meta":{"footnotes":""},"class_list":["post-15017","page","type-page","status-publish","hentry"],"_links":{"self":[{"href":"https:\/\/www.novomedgroup.com\/index.php?rest_route=\/wp\/v2\/pages\/15017","targetHints":{"allow":["GET"]}}],"collection":[{"href":"https:\/\/www.novomedgroup.com\/index.php?rest_route=\/wp\/v2\/pages"}],"about":[{"href":"https:\/\/www.novomedgroup.com\/index.php?rest_route=\/wp\/v2\/types\/page"}],"author":[{"embeddable":true,"href":"https:\/\/www.novomedgroup.com\/index.php?rest_route=\/wp\/v2\/users\/1"}],"replies":[{"embeddable":true,"href":"https:\/\/www.novomedgroup.com\/index.php?rest_route=%2Fwp%2Fv2%2Fcomments&post=15017"}],"version-history":[{"count":8,"href":"https:\/\/www.novomedgroup.com\/index.php?rest_route=\/wp\/v2\/pages\/15017\/revisions"}],"predecessor-version":[{"id":15602,"href":"https:\/\/www.novomedgroup.com\/index.php?rest_route=\/wp\/v2\/pages\/15017\/revisions\/15602"}],"wp:attachment":[{"href":"https:\/\/www.novomedgroup.com\/index.php?rest_route=%2Fwp%2Fv2%2Fmedia&parent=15017"}],"curies":[{"name":"wp","href":"https:\/\/api.w.org\/{rel}","templated":true}]}}